der when 75659 is divided by 1091.
380
Calculate the remainder when 247215 is divided by 82074.
993
Calculate the remainder when 1665703 is divided by 1665697.
6
What is the remainder when 2193801 is divided by 87752?
1
What is the remainder when 2281879 is divided by 91275?
4
Calculate the remainder when 1057917 is divided by 304.
301
Calculate the remainder when 75442752 is divided by 9072.
0
Calculate the remainder when 9621574 is divided by 69.
7
What is the remainder when 5709250 is divided by 815606?
8
Calculate the remainder when 12127701 is divided by 4042564.
9
Calculate the remainder when 92617 is divided by 28.
21
Calculate the remainder when 3118655 is divided by 242.
1
What is the remainder when 1913040 is divided by 1450?
490
Calculate the remainder when 6552187 is divided by 106.
9
Calculate the remainder when 129719472 is divided by 6215.
6207
Calculate the remainder when 26565 is divided by 24956.
1609
Calculate the remainder when 4099870 is divided by 146402.
614
What is the remainder when 63211 is divided by 4812?
655
What is the remainder when 103075 is divided by 51482?
111
Calculate the remainder when 465329 is divided by 116086.
985
Calculate the remainder when 144260 is divided by 7252.
6472
Calculate the remainder when 2353689 is divided by 2353678.
11
Calculate the remainder when 94950432 is divided by 14.
10
What is the remainder when 4467592 is divided by 21?
10
Calculate the remainder when 14134455 is divided by 39.
36
What is the remainder when 879142302 is divided by 3497?
3496
Calculate the remainder when 37492202 is divided by 524.
2
What is the remainder when 1015736093 is divided by 127?
126
Calculate the remainder when 349556 is divided by 1629.
950
What is the remainder when 11102244 is divided by 2775555?
24
Calculate the remainder when 2215251 is divided by 124.
115
Calculate the remainder when 3432886 is divided by 44.
6
What is the remainder when 234111 is divided by 33443?
10
What is the remainder when 21240305 is divided by 290?
125
Calculate the remainder when 69875123 is divided by 65.
58
What is the remainder when 6398308 is divided by 1902?
1882
Calculate the remainder when 715018 is divided by 218.
196
Calculate the remainder when 574270 is divided by 14610.
4480
What is the remainder when 1246419 is divided by 464?
115
Calculate the remainder when 35534350 is divided by 17767167.
16
What is the remainder when 967659 is divided by 42064?
187
What is the remainder when 1937473 is divided by 77498?
23
What is the remainder when 7801295 is divided by 1105?
1100
Calculate the remainder when 3178881 is divided by 3.
0
Calculate the remainder when 22631630 is divided by 93907.
43
What is the remainder when 1024590 is divided by 25591?
950
What is the remainder when 3383872 is divided by 118?
104
Calculate the remainder when 132739 is divided by 4058.
2883
Calculate the remainder when 745039 is divided by 4071.
46
What is the remainder when 81606 is divided by 25842?
4080
Calculate the remainder when 1030328 is divided by 1907.
548
Calculate the remainder when 43108 is divided by 213.
82
Calculate the remainder when 1683894 is divided by 420869.
418
What is the remainder when 464003 is divided by 10?
3
What is the remainder when 1018636 is divided by 9515?
531
What is the remainder when 1918082 is divided by 10601?
9902
Calculate the remainder when 576047 is divided by 575976.
71
Calculate the remainder when 29973 is divided by 182.
125
What is the remainder when 29097838 is divided by 3911?
3909
Calculate the remainder when 137578 is divided by 588.
574
Calculate the remainder when 2447322 is divided by 365.
362
Calculate the remainder when 73506 is divided by 740.
246
What is the remainder when 244820 is divided by 70?
30
What is the remainder when 23218 is divided by 845?
403
Calculate the remainder when 13570178 is divided by 3392544.
2
Calculate the remainder when 49127655 is divided by 23.
0
What is the remainder when 1030824 is divided by 515405?
14
Calculate the remainder when 132751 is divided by 22116.
55
What is the remainder when 359851 is divided by 3129?
16
What is the remainder when 1591136 is divided by 276?
272
What is the remainder when 275790 is divided by 137724?
342
What is the remainder when 228156 is divided by 5960?
1676
Calculate the remainder when 7570522 is divided by 540751.
8
Calculate the remainder when 12195311 is divided by 26170.
91
What is the remainder when 28750747 is divided by 245?
242
Calculate the remainder when 1165274 is divided by 5.
4
Calculate the remainder when 21296245 is divided by 23.
16
Calculate the remainder when 3629795 is divided by 1429.
135
Calculate the remainder when 2009192 is divided by 334854.
68
What is the remainder when 96671 is divided by 44791?
7089
Calculate the remainder when 144145 is divided by 6546.
133
Calculate the remainder when 61438 is divided by 4186.
2834
What is the remainder when 395876 is divided by 4141?
2481
Calculate the remainder when 451640 is divided by 75244.
176
What is the remainder when 119780 is divided by 119595?
185
What is the remainder when 1115 is divided by 556?
3
Calculate the remainder when 313673 is divided by 726.
41
What is the remainder when 62048 is divided by 77?
63
What is the remainder when 12590399 is divided by 1600?
1599
What is the remainder when 5947396 is divided by 5947393?
3
What is the remainder when 22480322 is divided by 117085?
2
What is the remainder when 2481876 is divided by 5302?
540
What is the remainder when 105213848 is divided by 39?
38
What is the remainder when 9888196 is divided by 3893?
3869
What is the remainder when 14018 is divided by 13753?
265
What is the remainder when 10877725 is divided by 11523?
13
What is the remainder when 186768 is divided by 46651?
164
What is the remainder when 1542464 is divided by 193?
8
What is the remainder when 65985 is divided by 16283?
853
What is the remainder when 703147 is divided by 480?
427
Calculate the remainder when 787386 is divided by 262245.
651
Calculate the remainder when 2090761 is divided by 172.
101
Calculate the remainder when 113729675 is divided by 20.
15
Calculate the remainder when 5520913091 is divided by 12.
11
Calculate the remainder when 396287 is divided by 1604.
99
What is the remainder when 1868998 is divided by 1068?
1066
What is the remainder when 107820227 is divided by 250?
227
Calculate the remainder when 15603193 is divided by 184.
177
Calculate the remainder when 1717389 is divided by 700.
289
What is the remainder when 27387528 is divided by 2908?
2892
What is the remainder when 134341 is divided by 183?
19
What is the remainder when 57944 is divided by 14472?
56
What is the remainder when 1390945 is divided by 12?
1
Calculate the remainder when 520487 is divided by 622.
495
Calculate the remainder when 11323516 is divided by 416.
412
What is the remainder when 367801 is divided by 21632?
57
What is the remainder when 57979715 is divided by 436?
435
What is the remainder when 386818 is divided by 96530?
698
Calculate the remainder when 3709995 is divided by 4173.
198
What is the remainder when 109388 is divided by 8408?
84
Calculate the remainder when 20746717 is divided by 2448.
2365
Calculate the remainder when 1682186 is divided by 60078.
2
Calculate the remainder when 4049423 is divided by 6017.
5999
Calculate the remainder when 168900 is divided by 28111.
234
What is the remainder when 401295 is divided by 5989?
32
Calculate the remainder when 8274968 is divided by 1379158.
20
Calculate the remainder when 850356 is divided by 2349.
18
What is the remainder when 201869511 is divided by 376?
375
Calculate the remainder when 215832849 is divided by 62.
61
What is the remainder when 93632277 is divided by 13?
11
What is the remainder when 682758 is divided by 394?
350
Calculate the remainder when 258665 is divided by 64610.
225
What is the remainder when 19918691 is divided by 196?
191
Calculate the remainder when 362969 is divided by 541.
499
What is the remainder when 91449863 is divided by 668?
663
Calculate the remainder when 6093 is divided by 3670.
2423
Calculate the remainder when 18133314 is divided by 190.
94
What is the remainder when 26234 is divided by 13069?
96
What is the remainder